+ 59?
-8303545
In base 3, what is 112 + -112221201101102?
-112221201100220
In base 14, what is 2014 - -16d4b?
18d61
In base 13, what is -6180b42 + -13?
-6180b55
In base 16, what is -23 - f0cb?
-f0ee
In base 11, what is 2 - 58a7327a?
-58a73278
In base 7, what is -44032322 + -4?
-44032326
In base 9, what is 12 + -2642567?
-2642555
In base 4, what is -22231030321113 - -11?
-22231030321102
In base 13, what is -2 + -29910c?
-299111
In base 16, what is acda2 - 3f?
acd63
In base 10, what is 2 - 332183?
-332181
In base 14, what is -21194 - -2000?
-1d194
In base 14, what is -615adc + 6?
-615ad6
In base 15, what is 1dd28 + -2?
1dd26
In base 16, what is -4 + -46db8a?
-46db8e
In base 14, what is 2763aacb + -5?
2763aac6
In base 11, what is 2403 - 24467?
-22064
In base 11, what is -12 - 64832?
-64844
In base 12, what is -4484 - 1a14a?
-22612
In base 3, what is 2111020002222 - -2200?
2111020012122
In base 3, what is 10 - -112202212002122?
112202212002202
In base 10, what is 251 + 87309?
87560
In base 9, what is -33184 - 1361?
-34555
In base 7, what is -1 + 103120320?
103120316
In base 14, what is 48b - -26948?
26dd5
In base 6, what is 15034 - 10225121?
-10210043
In base 15, what is c96cedb + 5?
c96cee1
In base 2, what is -1100001100111100 - 11001111?
-1100010000001011
In base 12, what is 22 - -86531?
86553
In base 16, what is -1 - 7d8aa04?
-7d8aa05
In base 7, what is -512536 + -211?
-513050
In base 11, what is -106 + 350a86?
350980
In base 10, what is 37482 + 1229?
38711
In base 8, what is 3700761 - -46?
3701027
In base 5, what is -102412023222 + 3?
-102412023214
In base 12, what is -5bb + 14b252?
14a853
In base 7, what is 31 + 212650?
213011
In base 4, what is -1330311232 + -20?
-1330311312
In base 13, what is 1a14897 + b?
1a148a5
In base 14, what is 691 - -100a?
169b
In base 16, what is 151f + -d93?
78c
In base 5, what is 1231302 + -1132?
1230120
In base 2, what is 1 + 1101111000000100000110?
1101111000000100000111
In base 10, what is 5494700 + -1?
5494699
In base 7, what is -533313 - 1630?
-535243
In base 5, what is -34 - -2440031?
2434442
In base 11, what is -8332 - 2173?
-a4a5
In base 13, what is 0 - -cb60c?
cb60c
In base 10, what is 287 - 8005?
-7718
In base 4, what is -2232 - -13033232?
13031000
In base 2, what is -11001001010 + -1100001110001111?
-1100100111011001
In base 2, what is -111110101000011011001111011 - 101?
-111110101000011011010000000
In base 6, what is -5 - 24350134?
-24350143
In base 13, what is -62a87 + -156?
-62c10
In base 3, what is 10 + -20010022102102011?
-20010022102102001
In base 11, what is 13 - 112a6521?
-112a6509
In base 16, what is 1b - 653b?
-6520
In base 14, what is 8371 - 3c0?
7d91
In base 14, what is -55cc + 838?
-4b94
In base 14, what is -3 + -19b9d39?
-19b9d3c
In base 7, what is -20346401 + 12?
-20346356
In base 3, what is 0 - 211222210002102?
-211222210002102
In base 4, what is -10 - -21102310212?
21102310202
In base 3, what is -2221210100000120 + -1?
-2221210100000121
In base 10, what is -219675 + 19?
-219656
In base 15, what is -385 + -5e1?
-976
In base 13, what is -7bca0 - -3c?
-7bc61
In base 11, what is 14aa45a20 - 3?
14aa45a18
In base 14, what is 26463 - -ad?
26532
In base 11, what is 644 + 13416?
13a5a
In base 14, what is -6cdb920 + -3?
-6cdb923
In base 14, what is -46c + -850?
-cbc
In base 6, what is 220415420520 - 0?
220415420520
In base 11, what is -5 + -4a5a672?
-4a5a677
In base 13, what is c - 1c9375?
-1c9366
In base 7, what is 3 - 153432344?
-153432341
In base 8, what is -30 - -224717011?
224716761
In base 12, what is -98a47244 + -2?
-98a47246
In base 14, what is 2 + -2d0871a?
-2d08718
In base 4, what is -3 + 1011011322?
1011011313
In base 16, what is -159903a + -1?
-159903b
In base 16, what is 8f43a + 12?
8f44c
In base 8, what is -375 + -6735014?
-6735411
In base 14, what is -1652a + 962?
-159a8
In base 8, what is 71 - -15733411?
15733502
In base 15, what is -4 - 9755330?
-9755334
In base 12, what is 67364 - 97?
67289
In base 4, what is 110200 + 10020032?
10130232
In base 16, what is 112062 - -1d?
11207f
In base 14, what is -46d111 - 282?
-46d393
In base 3, what is 2221120102 + -2100?
2221111002
In base 10, what is -1414 - 1848?
-3262
In base 4, what is -2112130332003 - 3?
-2112130332012
In base 10, what is 3 + 59305499?
59305502
In base 16, what is -409583 + 9?
-40957a
In base 3, what is 11101120 - 2001111000?
-1220002110
In base 5, what is 140420 - 11331?
124034
In base 3, what is 10000200201212 - -12?
10000200202001
In base 7, what is 1 + -41536666?
-41536665
In base 13, what is 21018a + -8?
210182
In base 8, what is -21447 + 72164?
50515
In base 7, what is -34 - -200204065?
200204031
In base 12, what is -10b47 - 2b33?
-13a7a
In base 6, what is -3424122534 + 3?
-3424122531
In base 9, what is -142 + 4483161?
4483018
In base 8, what is -140365 + 331?
-140034
In base 9, what is -3663054 - -5?
-3663048
In base 11, what is 1a + 196196?
196205
In base 16, what is 1f5 + 2262?
2457
In base 15, what is 810bb09 + -3?
810bb06
In base 10, what is -23849 + -2125?
-25974
In base 8, what is 5133220 + 2?
5133222
In base 9, what is 174 - -272455?
272640
In base 5, what is 13300240130 + -3?
13300240122
In base 16, what is -3 + 603884?
603881
In base 14, what is 3303449 + -4?
3303445
In base 16, what is 361 - -b2c?
e8d
In base 5, what is 12120 - 1414023?
-1401403
In base 11, what is 246903 + 175?
246a78
In base 7, what is -5025 + 131201?
123143
In base 6, what is -4453112 - 453?
-4454005
In base 8, what is 4 - -171242127?
171242133
In base 5, what is 4300313 - -12012?
4312330
In base 15, what is 3 + -643b3?
-643b0
In base 8, what is -341525 - -213?
-341312
In base 4, what is -1321030 + 1002300?
-312130
In base 5, what is 2133033 + 14?
2133102
In base 10, what is 151747 + 14?
151761
In base 7, what is 16 + 5120513?
5120532
In base 14, what is a717a7 - 7?
a717a0
In base 9, what is -52 + 273023?
272861
In base 9, what is 302 - 2678166?
-2677764
In base 6, what is -341444 - -105?
-341335
In base 10, what is -2 - 321890?
-321892
In base 10, what is 98 + -53631?
-53533
In base 10, what is 193444 + 474?
193918
In base 3, what is -11012200 - -102022201?
21010001
In base 10, what is 26438 - 1?
26437
In base 15, what is -648 - -3418?
2cc0
In base 3, what is 120 - -1001011202011?
1001011202201
In base 8, what is -5 - -31427504?
31427477
In base 13, what is 72cb74 + 1?
72cb75
In base 3, what is -20 - 2212220111210011?
-2212220111210101
In base 9, what is -214747 - -200?
-214547
In base 15, what is -2447bb8e + -1?
-2447bb90
In base 11, what is 17450 + 1286?
18726
In base 14, what is -55 + -cb30?
-cb85
In base 14, what is 2a07a + -34?
2a046
In base 5, what is 3 + -23431433311?
-23431433303
In base 2, what is -1010100111010100111000 + -100?
-1010100111010100111100
In base 10, what is 51106 + -12?
51094
In base 3, what is -10 + -2120101210221?
-2120101211001
In base 4, what is -21133 + 213212131?
213130332
In base 3, what is 10002 + 12121202020222?
12121202101001
In base 8, what is 0 - 6443233?
-6443233
In base 4, what is 100 - 232021323113?
-232021323013
In base 4, what is 10230022222 + -211?
10230022011
In base 6, what is 3 - -1542335305?
1542335312
In base 9, what is 4 + 501812027?
501812032
In base 14, what is -12 - 63374?
-63386
In base 16, what is -25102 + 1ab?
-24f57
In base 4, what is 110313 + 32030330?
32201303
In base 16, what is dc3cb - -14?
dc3df
In base 14, what is -13 - -7a0db?
7a0c8
In base 2, what is -11001001 + -11111100100?
-100010101101
In base 14, what is -5 - bb781a1?
-bb781a6
In base 13, what is 7374a4 - 28?
737479
In base 2, what is -100010100011101010100111 - -100?
-100010100011101010100011
In base 16, what is -13 - 3c7e4?
-3c7f7
In base 12, what is 38 - -1498bb?
149937
In base 12, what is -23 + -153350?
-153373
In base 13, what is -2557 + -8097?
-a621
In base 11, what is 5130518 + 2?
513051a
In base 12, what is 1 - -3418a90?
3418a91
In base 4, what is -2110331201323 + 3?
-2110331201320
In base 10, what is -36 + -1612121?
-1612157
In base 4, what is 22 + 23130100102?
23130100130
In base 7, what is -21220 + 14262?
-3625
In base 2, what is 1100110111101110000 - -11100?
1100110111110001100
In base 13, what is -8b9a9 + 0?
-8b9a9
In base 10, what is -129470 - 24?
-129494
In base 10, what is -831 + 51412?
50581
In 